8 - (-15 - -31 - 18 - -14).
-30
What is 36 - ((1 - 0) + 13) - 53?
-31
What is 3 + -2 + 12 - (-64 - (-109 + 22))?
-10
What is 1 + (49 - -1) + (15 - (-13 - 5 - -32))?
52
What is the value of 2 - (5 - 1) - -9 - (-7204 - -7253)?
-42
What is the value of -29 + (-8 - -2 - (-167 - -166))?
-34
What is the value of 1 + 0 + -1 + 7987 + -8071 + 17?
-67
91 + -80 + (26 - 4 - -8) + 4
45
Calculate (2 - (4 + -11) - 11) + (2 + -2 - -22).
20
Calculate 8 + 16 - 9 - (10 - -22).
-17
What is the value of 1 + (0 - -50) + (9846 - 9970)?
-73
What is the value of (-1 - (60 + (0 - -2))) + (120 - 116) + 4?
-55
Evaluate 6 - (40 + -26 - ((12 - -16) + -8)).
12
Evaluate (331 - 316 - (16 + 0) - 13) + -2 + 133.
117
Calculate -72 - (-70 + -4 + 66).
-64
What is the value of -760 + 804 + (1 - 27) + -86?
-68
What is -123 - (2 - ((-5 - -1) + 173 + -161))?
-117
Calculate -15 - (78 - (9 + 30) - 12).
-42
What is the value of -42 + (165 - (-11 + 100))?
34
What is the value of 4 + -16 + (20 - 41 - 4)?
-37
What is the value of (-15 - (-2 + -19)) + -26 + 12?
-8
Evaluate (-8 - -12) + 7 + (-23 - -8).
-4
(-13 - (-6 + 18)) + (-21 - -41) + -4
-9
Calculate -35 + 19 - ((5 - 2) + 0 + (-38 - -23)).
-4
What is 1 + -2 + -9 + (1 + -26 - (897 + -929))?
-3
What is the value of -41 + -8 + (3 - (3 - -4) - -13 - 10)?
-50
Evaluate 14 + (-13 - -13 - -2) - 22.
-6
Evaluate 0 + (-1 - (14 + -7) - (-3 - -35) - -2).
-38
Evaluate 2 + -15 - (-16 - ((14 - -5) + -5)).
17
What is 5 + -6 + (-19 + 8 - -5) - (-63 - -5)?
51
Calculate 31 + 7 + -29 + 8 - 41 - (1 + -2).
-23
(5 - (28 + -23 + 5 + -13 + -2)) + -9
1
-13 - ((49 - 21) + -34 - (-2 - -7))
-2
What is the value of -66 - (-45 - 8) - -69?
56
Calculate (-3 - -14) + -39 + 10 + 43 + -135 + 0.
-110
What is the value of 58 + 119 + 104 + -202?
79
Calculate -63 + -4 - (-7 + (-87 - -86) + 2 + 1).
-62
29 + -11 + -30 - 21 - 3
-36
65 - (12 - 54 - -30) - -11
88
Evaluate -14 + -1 + 3 + -43 + (-8 - -22).
-41
-41 + 43 + (-27 - -31)
6
What is (-2 - -1) + -3 + (47 + -24 - (-44 + -39))?
102
What is (12 - -8 - (-54 - -78)) + -13?
-17
-282 + 237 + -3 + 25
-23
What is the value of (-2 - 11) + (-20 - ((-4 - -2) + 237 + -331))?
63
What is -2920 - -2970 - (38 + 1)?
11
What is 26 + (-30 - -35 - 26)?
5
Calculate -75 - 113 - (55 - 201).
-42
What is (122 - (86 + 71)) + (-37 - -1)?
-71
(4 - 12) + 7 + 0 - ((27 - 9) + -130)
111
Evaluate 46 - (106 + -36 + -82).
58
Calculate -41 + 77 + -12 - -32.
56
Calculate 56 + 52 + -97 - 7.
4
What is the value of -88 - (-35 - 7 - -42 - (-1 - -17))?
-72
Calculate (-104 - -101) + (25 - (-6 + 5 - -8)).
15
Evaluate 1242 - 1185 - (100 + 2).
-45
What is the value of (29 - 51) + -21 - -19?
-24
21 + -54 + 21 + -1 - (46 - 2)
-57
Calculate -13 + (-11 - -5 - (5 - 17)) + -8.
-15
45 + -18 - (-1 + 11 + -2 - 13)
32
What is the value of (2 - 0 - (-302 - -304)) + -11 - (-48 - -1)?
36
What is the value of -79 - ((-14 - ((-21 - 3) + 24)) + 0 + 18)?
-83
What is -12 + -2 - (10 - 15) - (12 - -2)?
-23
-2 + -48 + 59 + 2 + 5 + -2 + 1
15
Calculate -43 + 2 + (25 + 11 - 28) - (-9 - -3).
-27
Evaluate -118 + -60 - -52 - -115.
-11
What is (-25 - -45) + (-10 - -15) + 7?
32
Evaluate (28 - -3) + (28 - 69).
-10
What is the value of (-1 - 3 - -18) + (9 - (15 + 3))?
5
Calculate (-6 - -7) + (2 - 96 - (97 + -128)).
-62
What is -258 + 126 + 134 + (-18 - -1)?
-15
What is the value of -26 + (44 - -7) - (-8 - 3 - 0)?
36
Calculate 126 + -160 - (0 + -3) - -25.
-6
What is (-24 - -116) + -100 + (1 - -9)?
2
7 - (33 + -20 + 9) - 7
-22
What is the value of -158 - (-53 - (30 - -9))?
-66
What is 92 + 0 + 6 - (-51 - -77)?
72
(9 - 19) + (5 + -3 + 8 - 5)
-5
Calculate (-62 - 10 - -16) + (19 - -6).
-31
Calculate 46 - (81 + -182 + 209).
-62
What is the value of (-28 - 14) + 23 + (4 - -63) - (4 - 1)?
45
What is the value of (17 + 1 - (24 - 16)) + 11 - (4 + 0)?
17
Evaluate (0 - -67) + -14 + (-8 - (-14 - -3)).
56
Evaluate 3 + -4 + (-12 - -11) - (2 - -5) - -49.
40
What is 10 + (17 - (23 + -3)) + (6 - (-3 + 17))?
-1
What is the value of (14 - (-31 + 11 + 24)) + 24?
34
What is (68 - 89 - (-3 - 15 - -5)) + -50?
-58
Evaluate 8 + (-3 - 15) - (11 - 24) - -7.
10
What is (-3 - (-7 + -3 + 4)) + 57 + 319 + -321?
58
28 - ((6 - 0 - 9) + 15 + -17)
33
What is the value of -38 + 25 + (53 - -30) + 47?
117
What is -52 + 96 - -27 - 45?
26
Evaluate 1719 + -1799 + -44 + 4.
-120
Evaluate 12 + (35 - -44) + -177.
-86
Calculate 25 + 14 - (31 - 11) - 43.
-24
-61 - (128 - 119) - (-12 - 0)
-58
Calculate (-42 - -45 - (-6 - -12 - 5)) + 17.
19
7 + (-12 - 3 - -13) + -18
-13
What is the value of 25 + (26 - 37) + 4 + 27 + -1 + -6?
38
What is -24 + 9 + -54 + (-11 - (-12 + -3))?
-65
What is (-51 + 60 - 18) + (4 - (11 + (-7 - -2)))?
-11
Evaluate (5 - 57) + (-19 + 8 + 10 - 1) - -15.
-39
Evaluate 18 + -11 + 9 + -7 - 12.
-3
13 - ((0 - -5) + (47 - 36) + 16)
-19
-18 - ((-7 - -8) + 0 - (8 - -1) - -18)
-28
Evaluate 0 - -120 - (-1791 + 1826) - -16.
101
What is 7496 + -7476 - (1 - 1 - -67)?
-47
-2 + (97 - 37) - 44
14
Evaluate 4157 - 4260 - (1 - 53).
-51
Evaluate -1 + 49 + (3 - 29) + (42 - 26).
38
What is the value of -4 + 0 + -9 - (25 + 0 + -17 - 56)?
35
Calculate (23 + -64 + 8 - 8) + -25.
-66
(23 - (7 - -27)) + 13 - -15
17
-25 - -57 - 6 - (15 - -19)
-8
Evaluate 14 + -3 + -4 - (584 - 549).
-28
What is 9 + 7 - (-201 - -177)?
40
What is 68 - ((-79 - -74) + 76)?
-3
Evaluate 54 + (-22 - (5 + 16) - (-25 - -5)).
31
What is the value of (53 - (-54 - -54)) + (-1 - (0 - 14))?
66
(-17 - (-8 + -3)) + 14 - -3
11
What is 0 - -90 - (22 + (-6 - (14 - (2 + 1))))?
85
What is the value of 210 + -205 + 72 + 57?
134
What is the value of -14 + 7 - ((-2 - (-10 + 15)) + (-1 - -2))?
-1
-25 + (14 - ((0 - 1) + 13)) + 8
-15
What is 2 + 2 + -117 + 115 - -38?
40
Evaluate 4 + 82 + -5 - (61 + -35 + -14).
69
Evaluate (2 - (-23 - 0) - (83 - 70)) + 36.
48
What is -11 - 3 - (61 - (-18 - (-59 - -11)))?
-45
Calculate (35 + -2 - 28) + 25.
30
Evaluate -14 + -68 + 182 - 56.
44
Evaluate -19 + (8 - 4) + 21 + -15 + 21.
12
What is the value of 9 + -3 + -16 - (-6 + (15 - 1) + -69)?
51
Calculate 152 - (-22 - (-85 + -14)).
75
Evaluate -69 + (-16 - -119) + 0 + (-9 - -1 - -2).
28
What is the value of -2 + (9 - 1) - (-40 + -7 + (60 - 12))?
5
What is -9 + (-27 - -80 - (-21 + 8))?
57
(81 - 0) + (-5 - -7) - (12 + 7)
64
Calculate -115 + (137 - 55) + 31.
-2
What is the value of (-1 - -13) + (-67 - (-154 - -95)) + (-15 - -1)?
-10
Evaluate (-2 + 8 - (95 - 78)) + -30 - -6.
-35
-68 - 23 - (-343 + 215)
37
Evaluate 4394 + -4327 - (1 - (-1 + 1 - (-1 + -2))).
69
What is -12 + 22 + -11 + 1 - (10 - (-4 - 103))?
-117
What is -10 - -4 - 3 - (45 - 3 - 3)?
-48
What is the value of (-13 - (-4 + 8)) + 13 + (31 - 1)?
26
-165 + 81 - (-10 + (21 - (17 + -8)))
-86
What is the value of (12 - (-21 - 7)) + -25 - -32?
47
What is the value of (20 + -12 - (1 + 52 + 1)) + -32 + 33?
-45
(5 - -1) + -12 + 4 + 15 + -33
-20
What is 7225 + -7213 + 120 + -1 + -1?
130
(-25 - 2 - (-98 - -104)) + 16 - 7
-24
49 + 7 - (-98 + 116)
38
Evaluate 11 + (-67 - (-1 + 4 + 3 + 0)).
-62
5 + 1 - (-26 + (57 - 27)) - -24
26
Calculate -8 - (-2 + 6 + -96 + (-9 - -52)).
41
Calculate -47 + 133 + -86 - (-1 + 58).
-57
What is -38 + 40 + -4 + 84 + (1 - (4 + -1))?
80
What is 39 - (151 + -91 + -96)?
75
-68 - (17 - 45 - 23)
-17
Calculate (37 - (-14 - (31 - 42))) + -73.
-33
Calculate -5 + (-10 - (1 + 1 + -44 + -3 + -4)).
34
What is -14 + (6 + -17 + 22 - 9) - -13?
1
Calculate -7 + 34 + (1 - 10) - (-24 + 16).
26
What is 212 + -236 - (0 - ((-2 - 8) + -1 - -4))?
-31
Evaluate (-228 - -115 - -70) + (0 - -20).
-23
Evaluate 27 - ((10 + 2 - (23 + -10)) + 17).
11
Evaluate 7 - (-1 + -33 + (-10 - 45 - -74)).
22
What is the value of -117 + (-11 + 18 - (93 - 57))?
-146
Calculate (3 - 87) + (111 - 22 - 113).
-108
What is (90 - (106 + 12)) + (54 - 1)?
25
-86 + -1 + (26 + -21 - 10) + -15
-107
Evaluate (9 - -9) + -5 + -36 + 70.
47
-23 - ((33 - (-17 + 10)) + -15)
-48
Evaluate 65 + -27 + -42 - (-1 - (53 - (-2 - 2))).
54
-111 + (-4 - -78 - 85)
-122
(-9 - (-5 + -4) - 4) + (20 - 13)
3
-134 + (-7 - -138) - (1 + -9)
5
Calculate -1 + 2 + -51 - (-11 - (-7 + 6)).
-40
Calculate 112 - (-5 + -2) - (-3 + 27 + -25).
120
Calculate 298 + (135 + -344 - -41).
130
What is (-27 + 34 - -63) + (-4 - -3) + -5?
64
What is the value of -41 + 11 + -8 + -8?
-46
Evaluate -69 + -80 + 47 - -20.
-82
Evaluate 4912 + -4863 + -37 + 1 